*3 - 8*u**2 - 5*u - 4. Let o = -20 + 18. Let c be o/(-4)*6 + 4. Is r(c) a prime number?
True
Is 3 - (-108871 + 16/4 + 7) composite?
False
Let q(n) be the second derivative of -199*n**3/6 + 93*n**2/2 + n - 23. Is q(-20) prime?
True
Suppose 194*a - 19772959 + 134921 = 0. Is a a composite number?
True
Suppose 2*n - 10 = -14. Let y be n + (3 - (-3)/3). Suppose y*s = -0*s + 110. Is s a prime number?
False
Is ((-2)/12)/((-18)/(-1167534))*(-20)/6 a prime number?
False
Let x = 428786 - -194219. Is x composite?
True
Let u = 303 + -56. Let z = 744 - u. Is z a prime number?
False
Let h = -356 + 613. Suppose 4*z - 8*q - 319 = -3*q, 0 = 2*z + 4*q - 140. Let r = h - z. Is r a prime number?
True
Let g(p) = p**3 - 7*p**2 - 12*p + 11. Suppose -2*h = -2*i + 24, -h = -i + 2*h + 4. Let x = i + -6. Is g(x) a prime number?
True
Let t = -762 + 766. Suppose 2*z + 2*k + 21438 = t*z, 2*z - 5*k = 21426. Is z prime?
True
Suppose 5*z = 1623 + 17212. Suppose -35583 = -10*x + z. Is x prime?
False
Let x = 589588 - 354497. Is x a prime number?
True
Suppose -4*n = -4*b - 28, -2*b + 16 = 9*n - 6*n. Is (4 - 0 - 26/n)*-16041 a prime number?
True
Let q = -2944 + 4235. Suppose -q - 3029 = 4*r. Let y = r - -2219. Is y a composite number?
True
Let o(w) = w**3 - 7*w**2 - w - 10. Suppose 41 = 5*l - 4. Is o(l) composite?
True
Let v = -55 - -57. Is v/15 + 2/((-90)/(-67989)) composite?
False
Suppose 2*u + 3*n - 4 = 0, 0 = 3*u - 4*n - 3 - 3. Suppose 4*p + 2*b - 1 = 315, -u*p + 5*b = -182. Is (4 - p/12)*-356 composite?
True
Let w = 22 + -13. Let b(c) = -5 - c + 9*c**2 - 12 + 4*c**3 + 29 - c**3 - 2. Is b(w) prime?
True
Suppose 2*d + m - 1932 = 205, -2*m - 3209 = -3*d. Is d a composite number?
False
Let j(t) = -6*t**3 + 4*t**2 - 6*t + 6. Let d be j(2). Is (d/4)/((-2)/212) a composite number?
True
Let y be (-1 - -11)*(12228/15 + 0). Let p = y - 2103. Is p composite?
True
Let n(h) = -h - 10. Suppose -5*u - 14 = 2*r - 3*u, -17 = r - 4*u. Let q be n(r). Is 864/3 + 4 - q a composite number?
False
Suppose 3*h = -h + 4*d + 16, 5*d + 13 = 4*h. Let x(r) = r**3 - 9*r**2 + 14*r - 1. Let c be x(h). Is (4 - c) + -2 - -208 a composite number?
False
Let p(y) = -17*y**2 - 7*y + 17. Let x be p(-9). Let t = 5738 + x. Is t prime?
True
Suppose v - 4*k + 4 = 0, 0 = -v - 3*k + 6*k - 3. Suppose v = 7*p + 573 - 4094. Is p prime?
True
Suppose 60*t = 51*t - 4212. Let p = t + 953. Is p prime?
False
Suppose -399 + 1125 = 11*t. Let w = t + 5248. Is w a prime number?
False
Let z(k) = 4*k**2 + 3*k + 1. Let o be z(-1). Let f be o/(-1) + 3 + -6 + 15. Suppose f*r = 2502 + 668. Is r a composite number?
False
Suppose -24*h - 205*h = -41*h - 59152508. Is h prime?
True
Suppose 2*m = 5*k + 50, -4*k + 3*k = 2*m + 10. Let j be (-6502)/k + -2 + 4/(-20). Suppose 0 = -5*h - j + 3803. Is h a prime number?
True
Let a = 92337 + -51680. Is a composite?
True
Suppose y = 52 - 335. Suppose 5*m = -v + 364 - 1143, 3*m + 464 = -4*v. Let q = m - y. Is q composite?
False
Suppose -2267*n + 2835423 = -2258*n. Is n a prime number?
True
Suppose 4*z = -6*g + 5*g - 13, 0 = -4*g + z - 35. Let f(o) = -379*o + 28. Is f(g) a composite number?
True
Suppose 85*u = 39*u - 86*u + 128480748. Is u composite?
True
Suppose 0 = 10*b + 2*r - 1052952, -315884 = b - 4*b + r. Is b composite?
True
Let n(l) = -l**3 - l**2 + l + 1. Let y = 13 - 12. Let u(k) = 7*k**3 + k**2 - 13*k + 3. Let v(g) = y*u(g) + 6*n(g). Is v(6) composite?
False
Let i(l) = 2*l**2 - 33*l + 16. Let w be i(16). Let u be 0*(1 - w) + 166056/(-51). Let j = u + 4710. Is j composite?
True
Let a(x) = 3*x - 4. Let j be a(3). Let z be 3*(2 - 1) + 460/j. Let k = 8 + z. Is k composite?
False
Suppose 5464*p - 5458*p - 32106 = 0. Is p a composite number?
False
Let d(i) = -2*i**2 - 4*i + 31. Let l be d(-5). Let s(b) = 1859*b**3 + 1459*b**3 - 2 + 0 + 3*b. Is s(l) prime?
True
Let v(f) = 19501*f**3 + 2*f**2 - 59*f + 109. Is v(2) composite?
False
Suppose -5*r + 32734 = 2*k, -5*r - 4*k + 5974 = -26754. Suppose -r = -8*u + 46308. Is u a composite number?
False
Let p(f) = 2*f**2 + 5*f + 106531. Is p(0) a prime number?
True
Suppose 3*h - 5*h + 5*y + 23 = 0, 0 = -3*h - 5*y - 3. Suppose -260 - 2099 = -2*q - n, -h = 4*n. Is 6/(-4)*q/(-15) composite?
True
Suppose 4*p + 21*p + 17*p = 1538418. Is p composite?
False
Let n(w) be the first derivative of -16 - 3*w - 7/2*w**2. Is n(-14) a prime number?
False
Suppose 90*d - 95*d = 4*c - 214301, 5*c = -5*d + 267880. Is c a composite number?
True
Let b(g) = 7*g**2 + 14*g + 2. Let v be b(-2). Suppose o = u - 7369, -v*o = -u + 2*o + 7369. Is u composite?
False
Let l(g) = 107*g**2 - 387*g - 205. Is l(48) composite?
True
Suppose 5*c = 2*u - 3415882, 5*c - 177550 = 5*u - 8717255. Is u prime?
True
Let u = 49079 + 16404. Is u prime?
False
Is (-2)/((-48)/(-30))*9712952/(-190) prime?
True
Suppose -5*j = -3*k - 7950015 - 2255494, -4*k = 2*j - 4082162. Is j a prime number?
True
Suppose 530 = 2*a + 178. Let g be a - (-2 - 20/(-5)). Let k = 409 - g. Is k prime?
False
Let o = -827 - -2912. Suppose -4265 = -10*t + o. Is t a composite number?
True
Let a(t) = 7232*t**2 + 94*t - 550. Is a(6) a composite number?
True
Suppose 5 + 27 = 8*j. Suppose -j*p = -0*n - 5*n + 8082, p - 6474 = -4*n. Is n a composite number?
True
Let x(u) = -1138*u**3 + 7*u**2 - 28*u - 67. Is x(-4) a composite number?
True
Let r(b) = 4*b + 15. Let c be r(-3). Suppose -4*f - 3*a = 12453, f + f - c*a + 6213 = 0. Is 2/(-9) + f/(-27) a composite number?
True
Suppose 4*i + 615059 = 3*b, -22*i - 25 = -17*i. Is b a prime number?
False
Let b(o) = -2*o**2 - 13*o - 11. Let k be b(-6). Is 3 + 2319 - (-4 - k) a composite number?
True
Let b(s) = 36*s + 36*s - 68*s + 2 - 3. Is b(8) composite?
False
Suppose -61*t = 4*n - 59*t - 1082896, 3*t - 541460 = -2*n. Is n prime?
False
Let l be -2 + -3 + 2 + 4. Is (2/l)/(4/1910) a composite number?
True
Let o(h) be the third derivative of h**6/24 + 2*h**5/15 - h**4/2 - 11*h**3/6 + 14*h**2 + 2. Is o(10) a composite number?
False
Suppose y + 13*i - 17*i = -44, -2*y - 4*i - 100 = 0. Suppose -4*c = -56 + 8. Is (-3)/((-24)/31862) - c/y a composite number?
True
Let p(f) = -91*f + 8. Let y be p(3). Let g = 191 - y. Suppose 11 = -z + g. Is z a composite number?
True
Suppose -m + 63 = 4*z + 72, 0 = m - 5*z. Is (5435/m*6)/(-2) a prime number?
False
Let y(v) = -639*v + 1136. Is y(-73) composite?
True
Let w = 56776 + 34407. Is w composite?
False
Let k = -6602 + 17523. Is k a composite number?
True
Let w be 165/35 - (-6)/21. Let a(z) = -48*z - 4. Let y be a(w). Let t = 583 + y. Is t prime?
False
Let k = -1399 + 4892. Is k prime?
False
Let g(u) be the third derivative of -631*u**4/24 - 19*u**3/6 + 17*u**2. Let y be g(-16). Is y*4/12*(-1 + 2) a prime number?
True
Suppose 0 = 39*x - 46*x + 326081. Is x prime?
False
Suppose -3*r + 11 = 4*v, 3*r - 43 + 25 = 3*v. Suppose -1763 - 355 = -3*o. Suppose -o = -k + r*w, -w + 2038 = 3*k - 0*w. Is k a composite number?
True
Let o = -38890 + 79443. Is o a composite number?
True
Let w be 496/93 - (-1)/(-3). Suppose 5*n + 75925 = w*s, -3*s = 2*s - 4*n - 75925. Is s composite?
True
Let h = -262399 + 578402. Is h a composite number?
False
Suppose -2*h = 9*h + 33. Let p(a) = 32*a**2 - a + 8. Is p(h) prime?
False
Suppose -k + 364233 = -155*m + 151*m, 3*k - 3*m = 1092627. Is k composite?
True
Let u(y) = 4*y + 52. Let v be u(-12). Suppose 28785 = 5*b - 5*q, -v*q + 5754 = b + 17. Is b prime?
False
Let p be (74/4)/(21/21)*44. Let l = 2715 - p. Is l a composite number?
False
Suppose 6*a - 16*a = -20. Let d be 12/9*3/a. Suppose 0 = 2*n - i - 9, -5*n + 14 + 11 = -d*i. Is n a prime number?
True
Let k = 312 - -2112. Let g be 0 - -4 - (-27 - -27). Suppose -3820 = -g*v + k. Is v prime?
False
Let s be (-104)/24*6*164/8. Let k(n) = 278*n - 2. Let f be k(6). Let g = s + f. Is g a composite number?
True
Let g be 28436/(-20) - 32/(-40). Let s = -204 - g. Is s composite?
False
Let p = 184 - 115. Let d = p + 3526. Is d a composite number?
True
Let b be (-2)/(-6)*1 - (-8)/3. Suppose 0 = 2*u - 3*i - 895, 2*i + 727 = -b*u + 2089. Suppose 0*w = 4*w - u. Is w composite?
False
Let b(x) = -8640*x - 220. Let h be b(-4). Is 440/64 - 7 - h/(-32) a prime number?
False
Let u(n) = 6391*n**2 + 18*n - 87. Is u(4) a prime number?
True
Let n(z) = 1987*z + 3304. Is n(31) composite?
False
Let h be (83237/(-2) - 4)/((-1)/2).